alculate h(-3).
18
Let t(r) = -r**3 - 10*r**2 - 8*r + 5. Determine t(-8).
-59
Let i(y) = 20*y**2 - 2*y + 1. What is i(1)?
19
Let d(w) = w**2 - 4*w + 4. What is d(2)?
0
Let c(o) = o**2 - 2*o - 20. What is c(-4)?
4
Let h(o) = 2*o**2 + 11*o - 2. What is h(-7)?
19
Let o(x) = 7*x**2 + 25*x - 5. Calculate o(-4).
7
Let o(l) = l**3 - 16*l**2 + 16*l - 19. Calculate o(15).
-4
Let l(t) = -4*t + 34. Determine l(7).
6
Let r(k) = k**3 + 4*k**2 - 2*k + 15. Calculate r(-5).
0
Let l(r) = -r**2 + r + 97. Determine l(10).
7
Let a(x) = x**3 - 5*x**2 - 8*x + 8. What is a(6)?
-4
Let b(d) = -2*d**2 + 5*d + 4. Calculate b(4).
-8
Let d(w) = -w**3 + 3*w**2 + 8*w - 4. Calculate d(5).
-14
Let y(c) = 6*c + 254. Give y(-44).
-10
Let t(r) = r**2 - 7*r - 119. Give t(14).
-21
Let q(s) = -34*s - 31. Determine q(-4).
105
Let i(d) = d**2 - 25*d + 2. Calculate i(24).
-22
Let i(h) = -10*h + 195. What is i(20)?
-5
Let x(k) = -k**3 - 19*k**2 - 2*k - 39. Calculate x(-19).
-1
Let z(j) = 3*j**3 + 45*j**2 - 4*j - 47. Determine z(-15).
13
Let x(b) = -3*b - 11. Determine x(-5).
4
Let j(s) = -4*s**3 - 2*s**2 + 3*s - 2. Determine j(1).
-5
Let p(c) = c**3 + 3*c**2 - 3*c - 7. What is p(-5)?
-42
Let h(g) = 10*g + 2. Calculate h(0).
2
Let f(y) = 2*y**3 - 2*y**2 + y + 1. Determine f(2).
11
Let r(s) = 18*s - 12. What is r(-7)?
-138
Let p(u) = u**3 + 9*u**2 + 8*u - 7. Determine p(-8).
-7
Let m(g) = g**3 + 10*g**2 - 4*g - 8. Determine m(-10).
32
Let o(g) = 3*g + 4. Determine o(3).
13
Let s(k) = -2*k**2 + 4*k + 17. Calculate s(5).
-13
Let j(v) = -v**2 + 20*v - 7. Calculate j(19).
12
Let k(b) = -4*b + 21. Determine k(5).
1
Let w(a) = 2*a**3 - 5*a**2 - 8*a + 10. Calculate w(3).
-5
Let v(h) = -h**3 - 5*h**2 + 2*h. Determine v(-5).
-10
Let f(i) = 4*i. Calculate f(-7).
-28
Let k(q) = 2*q**3 - 22*q**2 + 25*q - 21. Determine k(10).
29
Let k(c) = 2*c + 14. What is k(-12)?
-10
Let a(z) = 4*z + 58. Determine a(-5).
38
Let d(c) = 4*c - 1. Give d(4).
15
Let o(q) = q**3 - 5*q**2 - 31*q + 183. What is o(5)?
28
Let y(n) = n**2 + 7*n + 14. Calculate y(-4).
2
Let h(f) = -f**2 + 4*f + 151. Calculate h(15).
-14
Let u(b) = b**3 + 4*b**2 - 4*b + 8. Give u(-5).
3
Let b(r) = -3*r - 6. Calculate b(0).
-6
Let t(b) = -b + 11. Give t(2).
9
Let c(z) = z**3 - 17*z**2 - 35*z - 39. Calculate c(19).
18
Let u(r) = 4*r**2 + 6*r - 69. Determine u(7).
169
Let g(k) = -k**2 - 16*k - 36. Give g(-14).
-8
Let n(f) = -5*f**2 - f - 1. What is n(-2)?
-19
Let u(z) = z**3 + 1. What is u(1)?
2
Let b(y) = 2*y**3 - 14*y**2 + 2*y - 15. What is b(7)?
-1
Let s(u) = u**2 + 14*u + 19. What is s(-10)?
-21
Let a(d) = -d**3 + 9*d**2 - 10*d + 1. Calculate a(8).
-15
Let l(o) = -o**2 - 6*o - 7. Calculate l(-5).
-2
Let r(u) = -u**3 + 3*u**2 - 2*u + 1. What is r(4)?
-23
Let v(k) = -37*k - 224. Calculate v(-6).
-2
Let p(j) = -18*j**2 - 24*j. What is p(-1)?
6
Let j(y) = y**2 - 12*y - 21. Determine j(15).
24
Let l(x) = -74*x - 101. What is l(-1)?
-27
Let f(z) = -2*z**2 - 31*z + 67. Give f(2).
-3
Let a(b) = b**3 + 2*b**2 + 14. What is a(0)?
14
Let b(x) = 25*x + 217. Calculate b(-10).
-33
Let k(o) = 2*o**2 + 8*o. Give k(-6).
24
Let p(i) = 14*i**3 - 3*i**2 - 2*i. Calculate p(-1).
-15
Let o(a) = 3*a + 17. Determine o(-8).
-7
Let v(h) = -h**3 + 3*h**2 + 18*h + 6. Give v(6).
6
Let p(b) = b**2 + 8*b + 8. Calculate p(-5).
-7
Let d(x) = -3*x + 9. What is d(3)?
0
Let b(q) = q**2 + 17*q + 60. Determine b(-6).
-6
Let u(f) = -f - 14. Determine u(-22).
8
Let q(l) = -2*l**2 + 3*l + 4. Give q(0).
4
Let c(s) = s. Calculate c(-13).
-13
Let o(d) = -d**2 + 5*d - 36. What is o(11)?
-102
Let v(l) = 7*l + 21. Calculate v(-3).
0
Let a(c) = 5*c - 1. Give a(8).
39
Let x(z) = -6*z - 136. Calculate x(-26).
20
Let z(f) = -25*f - 124. What is z(-5)?
1
Let z(x) = 4*x**3 + x**2 - 2*x - 4. What is z(-2)?
-28
Let a(o) = -o**3 + 18*o**2 + 34*o + 126. What is a(20)?
6
Let g(d) = d**3 + 2*d**2 - 2*d + 1. What is g(-4)?
-23
Let i(d) = 7*d - 11. Determine i(-7).
-60
Let o(b) = 2*b**2 - 3*b + 3. What is o(-3)?
30
Let m(f) = f**3 + 2*f**2 + f - 3. Calculate m(2).
15
Let g(h) = -h**3 + 5*h**2 - 2*h. What is g(1)?
2
Let f(v) = -33*v**2 + 2*v + 2. Give f(-1).
-33
Let f(c) = c**2 + 30*c + 8. What is f(-20)?
-192
Let i(f) = -f**3 + 9*f**2 - 8*f. Give i(8).
0
Let d(o) = 22*o - 4. Give d(-7).
-158
Let v(k) = 3*k**3 + 29*k**2 - 10*k - 19. What is v(-10)?
-19
Let m(k) = 14*k**2 + k - 4. Determine m(2).
54
Let k(j) = -9*j**2 + 9. What is k(3)?
-72
Let h(n) = -18*n**3 + 1. What is h(1)?
-17
Let s(f) = -2*f + 1. Determine s(-7).
15
Let k(x) = -6*x**2 - 11*x - 3. What is k(-2)?
-5
Let b(m) = -2*m**2 + 41*m - 26. Give b(20).
-6
Let d(h) = 3*h - 16. Give d(7).
5
Let u(q) = q**3 - 19*q**2 + 34*q - 24. Give u(17).
-24
Let g(h) = -12*h + 30. What is g(-6)?
102
Let w(k) = -k**3 - 8*k**2 + 2*k - 3. Give w(-8).
-19
Let c(u) = -4*u - 5. Determine c(-4).
11
Let y(r) = -6*r**2 + 3*r - 9. Determine y(5).
-144
Let s(k) = k**3 + 13*k**2 + 16*k + 17. Determine s(-12).
-31
Let r(k) = k**3 - 16*k**2 - 16*k + 10. Give r(17).
27
Let a(h) = h**3 + 14*h**2 + 12*h - 13. Give a(-13).
0
Let s(q) = -q - 2. What is s(-1)?
-1
Let k(v) = -v**3 - 7*v**2 - 10*v - 2. Calculate k(-5).
-2
Let u(o) = o**2 - 16*o + 33. Determine u(11).
-22
Let u(c) = c**3 - 13*c**2 - 28*c - 1. Give u(15).
29
Let l(n) = 7*n - 17. Determine l(4).
11
Let n(w) = 103*w**3 - w**2 + w - 1. What is n(1)?
102
Let r(v) = 3*v**2 + 43*v + 93. Calculate r(-12).
9
Let t(s) = -s**2 + 4*s - 4. What is t(8)?
-36
Let q(o) = -o**2 - 5*o + 3. Give q(-4).
7
Let b(o) = -5*o + 7. Give b(0).
7
Let c(w) = w**2 - 23*w - 11. Determine c(24).
13
Let n(x) = -x**2 + 2*x - 5. Determine n(4).
-13
Let a(w) = -14*w - 124. Determine a(-9).
2
Let n(g) = g + 28. Give n(-27).
1
Let f(m) = -3*m**3 + 9*m**2 - m - 3. Give f(5).
-158
Let w(r) = 2*r**2 + 7*r - 80. Determine w(5).
5
Let p(s) = 6*s**2 - 1. Give p(2).
23
Let o(b) = b**3 - 4*b**2 - 3*b - 6. Calculate o(5).
4
Let x(z) = z**2 + 4*z. Give x(-5).
5
Let v(a) = a**2 - 8*a. What is v(8)?
0
Let t(p) = p**2 - 16*p - 38. Determine t(16).
-38
Let r(z) = z**3 - 7*z**2 + 9*z - 26. What is r(5)?
-31
Let k(h) = 46*h - 5. What is k(2)?
87
Let a(u) = -u**3 - 8*u**2 + 12*u + 30. Determine a(-9).
3
Let q(j) = -j**3 - 8*j**2 - 11*j - 2. Calculate q(-4).
-22
Let x(d) = 4*d**3 - 3*d - 2. What is x(-1)?
-3
Let a(s) = 2*s**2 + 10*s + 10. Calculate a(-7).
38
Let x(s) = -s**3 + 6*s**2 - 4*s - 3. Determine x(5).
2
Let g(o) = 5*o**3 + 1. Calculate g(1).
6
Let l(r) = -r**3 - 6*r**2 + 2. Calculate l(-6).
2
Let d(x) = -x**2 + 6*x + 3. Determine d(7).
-4
Let i(u) = -3*u**3 - 5*u**2 + u + 3. Determine i(-2).
5
Let l(c) = -3*c - 17. What is l(-8)?
7
Let w(z) = -z**3 - 11*z**2 + 8. Calculate w(-11).
8
Let v(u) = 3*u - 17. What is v(7)?
4
Let p(k) = -7*k + 45. Determine p(6).
3
Let k(y) = -y**3 + 3*y - 54. Calculate k(0).
-54
Let t(q) = -q**2 - q - 7. Calculate t(3).
-19
Let n(u) = u**3 + 2*u**2 + 2*u + 6. What is n(-3)?
-9
Let k(z) = z**2 + 19*z - 65. What is k(3)?
1
Let w(l) = -l**2 - 12*l - 5. Calculate w(-11).
6
Let f(i) = -i**3 + 6*i**2 + 7*i + 4. Determine f(7).
4
Let w(j) = j**3 - 6*j**2 - 2*j + 9. Give w(6).
-3
Let u(l) = -l**3 - 9*l**2 + 54*l + 23. Calculate u(-13).
-3
Let b(p) = -p**2 + 4*p + 828. What is b(-27)?
-9
Let b(g) = 4*g**3 - 3*g**2 - 4*g + 3. Calculate b(3).
72
Let l(z) = -z**2 + 11*z + 43. Give l(9).
61
Let p(l) = 2*l + 17. Calculate p(-14).
-11
Let o(h) = 6*h + 13. Give o(11).
79
Let o(r) = 4*r**2 + 2*r - 4. What is o(2)?
16
Let m(z) = -z**2 - 16*z + 45. What is m(-13)?
84
Let l(f) = -6*f**2 + 80*f - 28. Calculate l(13).
-2
Let q(d) = d - 17. What is q(14)?
-3
Let l(v) = -v**2 + 17*v + 102. Calculate l(20).
42
Let p(s) = s**3 + 7*s**2 - 3*s - 5. Give p(-8).
-45
Let l(g) = 8*g - 97. Calculate l(13).
7
Let m(i) = 12*i + 482. Give m(-40).
2
Let l(d) = -d**3 - 8*d**2 + 12*d - 2. Calculate l(-9).
-29
Let u(r) = -r**2 - 13*r + 21. Calculate u(-16).
-27
Let w(m) = -m**3 - 25*m**2 + 29*m + 99. Determine w(-26).
21
Let a(n) = -n**3 + 8*n**2 - 6*n - 6. Calculate a(7).
1
Let q(t) = -t**3 + 7*t**2 - 6*t - 8. What is q(6)?
-8
Let q(k) = -k**3 - 4*k**2 + k - 4. Give q(-3).
-16
Let i(t) = 2*t**2 - 31*t + 20. Calculate i(15).
5
Let m(j) = j**3 - 27*j**2 - 6. Calculate m(27).
-6
Let k(n) = -18*n + 273. Determine k(15).
3
Let z(g) = -g**3 - 11*g**2 - 12*g - 9. Determine z